{"id":7,"date":"2010-12-10T21:28:33","date_gmt":"2010-12-10T21:28:33","guid":{"rendered":"http:\/\/my.weltladen-heidelberg.de\/?page_id=7"},"modified":"2024-03-29T08:23:27","modified_gmt":"2024-03-29T08:23:27","slug":"ueber-uns","status":"publish","type":"page","link":"http:\/\/my.weltladen-heidelberg.de\/?page_id=7","title":{"rendered":"&Uuml;ber Uns"},"content":{"rendered":"<p><strong>WELTLADEN \u2013 Fachgesch\u00e4ft f\u00fcr Fairen Handel!<\/strong><br \/>\nWeltl\u00e4den definieren sich \u00fcber ihre Vision f\u00fcr eine gerechte und nachhaltige Welt. Das wohl wichtigste Ziel dabei ist durch fairen Handel die Lebens- und Arbeitsbedinungen f\u00fcr Menschen in L\u00e4nder des globalen S\u00fcdens zu verbesseren. Denn nach wie vor werden viele Produkte unseres t\u00e4glichen Bedarfs unter meist menschenunw\u00fcrdigen Bedingungen hergestellt. Daher setzen sich Weltl\u00e4den durch Fairen Handel f\u00fcr eine gerechte Bezahlung, partnerschaftliche Zusammenarbeit, Transparenz in der Lieferkette und Nachhaltigkeit der Produkte ein.<\/p>\n<p><strong>Wir sind kein gew\u00f6hnlicher Laden \u2013 aus vielen Gr\u00fcnden<\/strong><br \/>\nDer Weltladen l\u00e4uft, weil ca. 30 Personen sich ehrenamtlich engagieren. Wir sind eine bunte Gruppe von Menschen: StudentInnen, Menschen im Ruhestand, Sch\u00fclerInnen, Berufst\u00e4tige \u2013 und noch viele mehr: Was uns verbindet ist der Glaube, dass eine gerechtere Welt m\u00f6glich ist und dass man sich daf\u00fcr einsetzen muss! Wir im Weltladen weil wir viel dazulernen k\u00f6nnen, mit vielen Menschen ins Gespr\u00e4ch kommen und es uns einfach Spa\u00df macht, zusammen zu arbeiten. Wir werden zus\u00e4tzlich von einer zwei hauptamtlichen Mitarbeiterinnen im Ein- und Verkauf und von zwei Bildungsreferentinnen unterst\u00fctzt.<br \/>\nIm Weltladen engagieren sich ca 30 Ehrenamtliche. Es gibt verschiedene M\u00f6glichkeiten der Mitarbeit: als Verk\u00e4ufer\/in im Ladendienst, als Mitarbeiter\/in im Bereich Bildungs- und Kampagnenarbeit und nat\u00fcrlich bei einer der vielen Aktionen die wir durchf\u00fchren. Zu bestimmten Bereichen finden sich dann auch Arbeitsgruppen zusammen.<\/p>\n<p><strong>Lust bekommen, mitzuarbeiten?<\/strong><\/p>\n<p>Dann schau doch auch auf unserer Seite &#8222;<a href=\"http:\/\/my.weltladen-heidelberg.de\/?page_id=44\">Mitarbeit<\/a>&#8220; vorbei, dort findest du weitere Informationen. Oder melde dich direkt bei Melanie unserer Ansprechpartnerin f\u00fcr Interessierte: Kontakt: <strong>ehrenamt@weltladen-heidelberg.de<\/strong><\/p>\n","protected":false},"excerpt":{"rendered":"<p>WELTLADEN \u2013 Fachgesch\u00e4ft f\u00fcr Fairen Handel! Weltl\u00e4den definieren sich \u00fcber ihre Vision f\u00fcr eine gerechte und nachhaltige Welt. Das wohl wichtigste Ziel dabei ist durch fairen Handel die Lebens- und Arbeitsbedinungen f\u00fcr Menschen in L\u00e4nder des globalen S\u00fcdens zu verbesseren. &hellip;<\/p>\n<p class=\"read-more\"> <a class=\"more-link\" href=\"http:\/\/my.weltladen-heidelberg.de\/?page_id=7\"> <span class=\"screen-reader-text\">&Uuml;ber Uns<\/span> Read More &raquo;<\/a><\/p>\n","protected":false},"author":1,"featured_media":0,"parent":0,"menu_order":1,"comment_status":"closed","ping_status":"closed","template":"","meta":[],"_links":{"self":[{"href":"http:\/\/my.weltladen-heidelberg.de\/index.php?rest_route=\/wp\/v2\/pages\/7"}],"collection":[{"href":"http:\/\/my.weltladen-heidelberg.de\/index.php?rest_route=\/wp\/v2\/pages"}],"about":[{"href":"http:\/\/my.weltladen-heidelberg.de\/index.php?rest_route=\/wp\/v2\/types\/page"}],"author":[{"embeddable":true,"href":"http:\/\/my.weltladen-heidelberg.de\/index.php?rest_route=\/wp\/v2\/users\/1"}],"replies":[{"embeddable":true,"href":"http:\/\/my.weltladen-heidelberg.de\/index.php?rest_route=%2Fwp%2Fv2%2Fcomments&post=7"}],"version-history":[{"count":21,"href":"http:\/\/my.weltladen-heidelberg.de\/index.php?rest_route=\/wp\/v2\/pages\/7\/revisions"}],"predecessor-version":[{"id":2804,"href":"http:\/\/my.weltladen-heidelberg.de\/index.php?rest_route=\/wp\/v2\/pages\/7\/revisions\/2804"}],"wp:attachment":[{"href":"http:\/\/my.weltladen-heidelberg.de\/index.php?rest_route=%2Fwp%2Fv2%2Fmedia&parent=7"}],"curies":[{"name":"wp","href":"https:\/\/api.w.org\/{rel}","templated":true}]}}